0123023
In base 9, what is 8422 + -10324?
-802
In base 16, what is 29 + 352d8?
35301
In base 2, what is 101010100010000 + -10001011000?
101000010111000
In base 13, what is 3110994 + 1?
3110995
In base 6, what is 10201452 - -1003?
10202455
In base 3, what is 202 + 11020211200220?
11020211201122
In base 13, what is 15b7b - -c77?
16b25
In base 12, what is -5 - -378709?
378704
In base 14, what is -2ac4d - -5a8?
-2a685
In base 11, what is 4 + -5a72018?
-5a72014
In base 2, what is -11110000000011101010011110 - 100?
-11110000000011101010100010
In base 2, what is 10 + 10000110010010011001000?
10000110010010011001010
In base 14, what is -2a362 + 50?
-2a312
In base 2, what is 10101111110111110001110 - 1?
10101111110111110001101
In base 6, what is 4013025055 - -3?
4013025102
In base 3, what is 201102001010 + -20112011?
201011111222
In base 4, what is -130332302001 - 3?
-130332302010
In base 5, what is 10013 - 10114342?
-10104324
In base 10, what is 102 + -2796179?
-2796077
In base 7, what is 311 - 44063?
-43452
In base 5, what is 1 - -22021432121?
22021432122
In base 15, what is 962004 + 10?
962014
In base 6, what is 3045 + 1450250?
1453335
In base 5, what is -31211 - -3222410?
3141144
In base 13, what is -14aab + 1037?
-13a74
In base 3, what is -1 + 211100121020?
211100121012
In base 2, what is -101100100 - 1100111011011101?
-1101000001000001
In base 14, what is 6 - 5405793?
-540578b
In base 5, what is -33134 + -233?
-33422
In base 10, what is -168986 + 9964?
-159022
In base 8, what is -1367 + 46015?
44426
In base 6, what is 30220 - 5514?
20302
In base 13, what is 2a603 + -67a8?
23b28
In base 10, what is -374885 - -577?
-374308
In base 3, what is -112 - 11012102120222?
-11012102121111
In base 3, what is -201010 - 22121121102?
-22122022112
In base 11, what is -3446a53 - -3?
-3446a50
In base 2, what is 10 - -110111101010101001110?
110111101010101010000
In base 6, what is -25502 + -135442?
-205344
In base 13, what is 167 - -18425?
1858c
In base 14, what is 360d - -26bb?
5cca
In base 11, what is -516257 - 788?
-516a34
In base 3, what is 11102000102012211 - 0?
11102000102012211
In base 3, what is 1100 + -10001121020200?
-10001121012100
In base 6, what is 3 - -121242201?
121242204
In base 14, what is -29a8d34 + 0?
-29a8d34
In base 15, what is 21 + 191cea?
191d1b
In base 4, what is 1332311 + -11?
1332300
In base 9, what is -37585528 + 1?
-37585527
In base 10, what is -3397318 - 0?
-3397318
In base 7, what is 6051031432 + 1?
6051031433
In base 15, what is 29 - 216c65?
-216c3b
In base 6, what is 210 - -151221025?
151221235
In base 6, what is 20304 - -41213?
101521
In base 12, what is -386672 + -122?
-386794
In base 3, what is -1221001102 + 122220?
-1220101112
In base 5, what is -3 + 33303112012?
33303112004
In base 10, what is 56 - 77270?
-77214
In base 8, what is 1 + -677736116?
-677736115
In base 15, what is -2791268 + 3?
-2791265
In base 13, what is -24 + -5423?
-5447
In base 13, what is 93 + 9713?
97a6
In base 8, what is 1462256536 + 0?
1462256536
In base 16, what is -cd - -153db2?
153ce5
In base 16, what is 44d7aa - -11?
44d7bb
In base 7, what is 1346 + -53220?
-51541
In base 11, what is 1a947 - 2a47?
17a00
In base 12, what is 36977 - -79?
36a34
In base 15, what is 4 + -310ba1d?
-310ba19
In base 11, what is -a13 - -3a055?
39142
In base 10, what is 58498 - 232?
58266
In base 6, what is 2153155 - 1123?
2152032
In base 7, what is 0 + 433456563?
433456563
In base 13, what is -11a8 - -34434?
33259
In base 3, what is -122012012 - -120122012?
-1120000
In base 16, what is 2c16 - -d3?
2ce9
In base 15, what is -331 - -50b6?
4c85
In base 3, what is 2 - 2120221110022?
-2120221110020
In base 10, what is -640 - 3527?
-4167
In base 11, what is 0 + -12a08a7?
-12a08a7
In base 3, what is -12222220 - -20110222?
111002
In base 12, what is 616676 - -4?
61667a
In base 16, what is -1 - -125ea26?
125ea25
In base 4, what is -1000133 + -133223?
-1200022
In base 14, what is 0 + d98bd?
d98bd
In base 14, what is -329 + 763a4?
76079
In base 14, what is -44a6a + -12?
-44a7c
In base 15, what is -192d72d + -31?
-192d75e
In base 16, what is 8ce0 + 8d?
8d6d
In base 11, what is -15 - -3351551?
3351537
In base 10, what is 32672 + 7608?
40280
In base 4, what is -220331220 - -221000?
-220110220
In base 15, what is -c3560b - 3?
-c3560e
In base 7, what is -4121 - 2115?
-6236
In base 7, what is -1 + -135366035?
-135366036
In base 7, what is -5513 + -624125?
-632641
In base 8, what is 4143 + -24713?
-20550
In base 11, what is -2169084 - 28?
-2169101
In base 7, what is -2220424 + 153?
-2220241
In base 8, what is 53 + 17540232?
17540305
In base 3, what is -21 - -22001110101?
22001110010
In base 8, what is 11540 - 7301?
2237
In base 4, what is 12220 - 12023211?
-12010331
In base 5, what is 221 + -222403324?
-222403103
In base 12, what is 11461 - -77?
11518
In base 6, what is -20201 - -24544?
4343
In base 10, what is 18002969 + 1?
18002970
In base 4, what is 303010 + 1001102?
1310112
In base 2, what is -10111100110101101 + -101010?
-10111100111010111
In base 10, what is -37039 + 430?
-36609
In base 13, what is -9a672895 - -5?
-9a672890
In base 11, what is 4 - -15493821?
15493825
In base 5, what is -11214134 - -10102?
-11204032
In base 10, what is 284238 + 16?
284254
In base 3, what is -1002 - -222222101?
222221022
In base 13, what is -5 - -c640381?
c640379
In base 7, what is 4 - 514443316?
-514443312
In base 15, what is 8e938 + -1a?
8e91d
In base 14, what is -3327 + -271d?
-5a46
In base 10, what is 495 + -4910?
-4415
In base 12, what is -1a52a - 3a?
-1a568
In base 16, what is -24641 - -85?
-245bc
In base 13, what is 9a2660 - -5?
9a2665
In base 14, what is 170b375 + -2?
170b373
In base 10, what is 16 + 54745?
54761
In base 2, what is -1101 + -100110000001100?
-100110000011001
In base 15, what is -c - -50473?
50466
In base 11, what is 74 + -1320a1?
-132028
In base 13, what is 5ccba7 + -36?
5ccb71
In base 16, what is -77 - 6184?
-61fb
In base 6, what is 13 + -1522415324?
-1522415311
In base 12, what is 14655b0 + b4?
14656a4
In base 4, what is 10 - 20213233033322?
-20213233033312
In base 9, what is -8055 - -8232?
166
In base 15, what is 1 + -11b4558?
-11b4557
In base 9, what is -3636717 - -65?
-3636642
In base 8, what is 230713 - 103?
230610
In base 6, what is -1223143 + 14415?
-1204324
In base 10, what is 11 - 409912?
-409901
In base 13, what is 1a6 + -61759?
-61583
In base 4, what is -10 + 120023320132?
120023320122
In base 16, what is 2c6d0 + -6?
2c6ca
In base 16, what is -13139 + -60?
-13199
In base 11, what is 2 + -3262427?
-3262425
In base 16, what is 4cba5 - 2?
4cba3
In base 16, what is 5ce435 - 17?
5ce41e
In base 16, what is 226b77 + -4?
226b73
In base 8, what is -36416210 - 7?
-36416217
In base 7, what is -2310636 + 4261?
-2303345
In base 3, what is -1112002012122212010 + 11?
-1112002012122211222
In base 12, what is -10a0b7a4 - 3?
-10a0b7a7
In base 16, what is -e + 814e6?
814d8
In base 11, what is 70a + -2a1?
419
In base 2, what is -1111110101110 - -11000100001110110?
10110100011001000
In base 9, what is 5 + -366628282?
-366628276
In base 11, what is -48277 - -472?
-47905
In base 10, what is -3 - 7387950?
-7387953
In base 7, what is -26 + 65031622?
65031563
In base 12, what is 1aaa021 + -5?
1aaa018
In base 5, what is 11011210034 + 2?
11011210041
In base 14, what is -5575d - 588?
-55d07
In base 7, what is 104462125 + 3?
104462131
In base 15, what is 591062 - 6?
59105b
In base 13, what is -32155 - 1?
-32156
In base 13, what is -13 + 18a9a23?
18a9a10
In base 8, what is 32122004 + 4?
32122010
In base 13, what is 15ac + 7a6cc?
7bcab
In base 2, what is 1110001001010101000 + -11?
1110001001010100101
In base 16, what is -3 - -1d38c22?
1d38c1f
In base 6, what is -154510433 + -34?
-154510511
In base 6, what is -33 + -2100244?
-2100321
In base 8, what is -125070233 + 5?
-125070226
In base 11, what is -1a81 - -149346?
147375
In base 8, what is -7 + 4532665?
4532656
In base 10, what is 180286 + 357?
180643
In base 4, what is 10320331231 + 1331?
10320333222
In base 4, what is -31122321 + 302303?
-30220012
In base 13, what is -444b - -1c4?
-4257
In base 7, what is -24334 - 646201?
-1003535
In base 4, what is 2320121031 - -12?
2320121103
In base 12, what is -47 - 3706b?
-370b6
In base 14, what is -8914c0 - -b